 55*v - 53*v = 8. Suppose -5*h - 7*x + 449 = -9*x, 0 = 4*h - v*x - 352. What is the tens digit of h?
9
Let h(o) = 5*o**3 + 14*o**2 + 7*o + 33198. What is the units digit of h(0)?
8
Suppose -95*p = -523262 - 1320339 - 545364. What is the hundreds digit of p?
1
Let j = 9296 - 4668. Suppose 5*h = -3*k + 3*h + j, -1532 = -k + 2*h. What is the thousands digit of k?
1
Let c(y) = -y**3 + 5*y**2 - y. Let h be c(4). Suppose -i = -346 - 20. Suppose -1794 + i = -h*m. What is the tens digit of m?
1
Suppose 0 = -w + 3*m + 10440, 3*w - 160*m = -158*m + 31299. What is the hundreds digit of w?
4
What is the units digit of (-88)/(-16) + (-133777)/(-14)?
1
Suppose -18*m = 48*m + 136619 - 949541. What is the tens digit of m?
1
Suppose 1353 - 8135 = -2*n - 3*g, 0 = 4*n + 3*g - 13570. What is the thousands digit of n?
3
Let b(p) = p**2 + 9*p + 3. Let v be b(0). Suppose v*r - 12*r = -72. What is the units digit of r?
8
Suppose 0 = 2*b + 3*s - 69120, 34556 = -33*b + 34*b + 2*s. What is the ten thousands digit of b?
3
Let x(o) = -o**3 + 7*o**2 + o - 7. Let f be x(7). Let w be (-6*4/16)/((-1)/60). Suppose -l + w = -f*l. What is the units digit of l?
0
Suppose 96229 = -81*j + 482275. What is the units digit of j?
6
Let y = 19 - 27. Let t(f) = 15*f + 53. Let g(q) = 14*q + 55. Let z(o) = 5*g(o) - 6*t(o). What is the tens digit of z(y)?
1
What is the tens digit of ((-92)/(-230))/(2/33280)?
5
Let p = 205 + -213. What is the hundreds digit of 142 - 9/12*p/(-6)?
1
Suppose 5*i - 5 = -45. Let o(h) be the second derivative of h**5/20 + 11*h**4/12 + 5*h**3/3 - 2*h**2 + 73*h. What is the hundreds digit of o(i)?
1
Let o(m) = m**3 + m**2 - 16*m - 11. Let a be o(4). Suppose 3*u - 11 + 2 = 0. Suppose -a*b + 305 = -5*p, 3*b = 4*p - u*p + 185. What is the tens digit of b?
6
Let f = 54 + -48. Let s(n) = 2*n**3 - 10*n**2 + 5*n - 5. Let l be s(f). Suppose l = 4*t - 327. What is the hundreds digit of t?
1
Suppose -5*b + 37 = -3*y, y + 3*y - 36 = -4*b. Suppose 5*k - b = 3*o - 74, k = -2*o - 8. What is the units digit of ((-280)/30)/(2/k)?
6
Suppose 6307*q - 6296*q = 13101. What is the thousands digit of q?
1
Let j be 7*(-7)/14*2. What is the hundreds digit of (j/28)/(2/(-4376))?
5
Let f(s) = -3*s**3 - 3*s**2 - 21*s + 3. Let b be f(-3). Suppose b*i = 137*i - 29512. What is the thousands digit of i?
1
Suppose y = 6*y. Let o(m) = -m**3 - m**2 + m + 7. Let l be o(y). Suppose -l*d = -15*d + 320. What is the tens digit of d?
4
Let o(u) = -25*u**3 + 9*u**3 + 23 + 17*u - 19*u**2 + 17*u**3. Let l be o(18). Suppose -l*m + 61 = 4*c, -4*m + 0*m - c = -51. What is the units digit of m?
3
Suppose -6*u + 31 = -53. Suppose 0 = -u*r + 6478 + 522. What is the hundreds digit of r?
5
Let y be (-104754)/(-182) - (-6)/14. Let u = y + -34. What is the hundreds digit of u?
5
Suppose -4*n + 15*s - 19*s = -944, -4*n + 3*s + 951 = 0. Suppose 0 = -5*i + 3*i - 190. Let v = n + i. What is the units digit of v?
2
What is the ten thousands digit of 32*(8 + 279/(-36))*2433?
1
Let w(d) be the third derivative of 43*d**4/24 + 110*d**3/3 + 171*d**2. What is the thousands digit of w(19)?
1
Let w(f) = 54*f**2 - 541*f - 77. What is the ten thousands digit of w(-26)?
5
Let n(p) = 3*p - 21. Let u(r) = -6*r + 42. Let k(l) = 7*n(l) + 4*u(l). Let o be k(10). What is the units digit of o/(27/(-6)) - -50?
2
Suppose 4*j + p = 9310, -181*j = -179*j + 5*p - 4628. What is the tens digit of j?
2
Suppose -4*f + 34 - 38 = 0. What is the tens digit of 3/(-7) - (-2190)/(-14)*f?
5
Suppose 2*i - 59830 = 398*a - 403*a, -2*i = -2*a - 59774. What is the tens digit of i?
9
Suppose d = 4*b + 281, 2*d + b - 507 - 46 = 0. What is the tens digit of d?
7
Let w be (-3)/6 + (-12)/24. What is the tens digit of w*(-4)/(-6)*522/(-4)?
8
Let c = -23 - -27. Suppose c*m + 9 = 5*m. Suppose j - 22 - m = 0. What is the tens digit of j?
3
Let s = -2022 + 2892. Suppose s = 4*o - 5042. What is the units digit of o?
8
Let d = 1877 - -3825. What is the units digit of d?
2
Suppose 2*x - 5*p = 3*x - 140, -2*p = x - 140. Let o = x + -77. Let j = 92 - o. What is the tens digit of j?
2
Let r = -9989 - -15478. What is the thousands digit of r?
5
Suppose -5*t - 4 = 1, -5*o + 67 = 3*t. Let v = -152 + o. Let c = v + 243. What is the tens digit of c?
0
Suppose -44 = -7*x - 9. Suppose x*n - 3*y + 8*y = 1275, -5*y + 259 = n. What is the hundreds digit of n?
2
Let z = 25422 + -18129. What is the tens digit of z?
9
Let j = -2955 + 1712. Let n = j - -2737. What is the thousands digit of n?
1
Let u be (-483)/4 - (-1)/(-4). Let l = u - -371. Let b = l - 135. What is the units digit of b?
5
Let u = 46 + -46. Suppose u = -4*p + 7*p - 1386. What is the tens digit of p?
6
Let c = -27 - -31. Suppose -c*s + 2 = 2*f - 3*s, 3*s + 6 = 0. Suppose -f*a + 3*o = -521, -1053 = -a - 3*a - 5*o. What is the tens digit of a?
6
Suppose 2*b + 3*r - 39167 = 0, -3*b + 24049 + 34703 = 3*r. What is the hundreds digit of b?
5
Suppose 3873725 = 180*g - 936415. What is the ten thousands digit of g?
2
Let x(m) = -130*m + 80. Suppose 5*p - 5*l = -5, 6 = 2*p - 5*l - 7. What is the tens digit of x(p)?
6
Let s(m) = 194*m**2 + 53. What is the tens digit of s(-4)?
5
Let r(f) = 2*f**3 - 38*f**2 + 19*f - 17. Suppose -12*t - 95 = -17*t. What is the tens digit of r(t)?
4
Let o = -277 + 274. Let d(b) = -10*b**3 + 2*b**2 + b + 13. What is the units digit of d(o)?
8
Let c(f) = -f**3 + 9*f**2 + f + 21. Let i = -108 + 3. Let s be i/(-12) + (-9)/(-36). What is the units digit of c(s)?
0
Suppose -5*g = -2*g + 2*r - 19, 2*g + 3*r - 16 = 0. Suppose g*v - 56 = 669. What is the hundreds digit of v?
1
Suppose -2833 = 9*y + 965. Let x = 348 - y. What is the units digit of x?
0
Let q = -1373 + 14587. What is the ten thousands digit of q?
1
Suppose -u = 3*d + 855, 23*u - 3*d = 22*u - 831. Let c = 82 - u. What is the hundreds digit of c?
9
Let p = -1556 - -2598. Suppose -4*k = 2*z - p, -z + 2*k + 774 = 273. What is the tens digit of z?
1
What is the hundreds digit of ((10/8)/((-623)/2136))/((-1)/2387)?
2
Suppose 49112 = 4*l + 5*w, -39*l + 2*w = -36*l - 36834. What is the thousands digit of l?
2
Let y = -4809 + 6957. Suppose -y = 28*w - 31*w. What is the tens digit of w?
1
Suppose -5*y = -5*v - 28715, 64*v - 28747 = -5*y + 61*v. What is the tens digit of y?
4
Suppose -4321 = 14*s - 11965. What is the units digit of s?
6
Suppose 0 = 50*y - 131288 - 147012. What is the tens digit of y?
6
Let j(c) = 5*c**3 + 7*c**2 + 10*c - 796. What is the thousands digit of j(11)?
6
Let n be (-36)/(-90) + 307/(-5). Suppose 0 = -c - 5*u - 238, 2*u - 7*u = -c - 208. Let j = n - c. What is the tens digit of j?
6
Suppose -7*x + 2872 = 926. Suppose 15 = 2*j + 103. Let a = x + j. What is the hundreds digit of a?
2
Let u = 75840 - 28541. What is the units digit of u?
9
Suppose -4*f - 28 = -2*p, 3*p - 5*p - 2*f = -28. Let s(h) = p - 11*h + 12*h**2 - h**3 - 4*h**2 - 12*h + 15*h. What is the units digit of s(7)?
7
Let b(l) = 2*l**2 - 7*l + 664. What is the hundreds digit of b(25)?
7
Let f(c) = -13*c**3 - 35*c**2 - c - 340. What is the ten thousands digit of f(-18)?
6
Let t(m) = m**2 - 16*m + 45. Let w be t(14). Suppose w*o = 150 + 615. What is the units digit of o?
5
Suppose 2*y + 20091 = -2*y - 3*z, -5*z + 20083 = -4*y. Let u be y/45 + (-7)/5 + 1. What is the hundreds digit of (-7)/(u/(-740))*-4?
1
Suppose -11 = -5*q - 16. Let l(t) = -5*t**3 - 2*t - 1. Let g be l(q). Suppose 3*r + 2*v + 100 = g*r, 0 = 2*r - v - 66. What is the tens digit of r?
3
Let s(y) = -3*y + 23. Let k be s(6). Suppose -3*i + k*r + 527 = 0, -7*r + 11*r + 16 = 0. What is the hundreds digit of i?
1
Suppose 0*p + 3*p = -2*l + 6, -2*p + 17 = -3*l. Suppose -14*i = -15*i - p. What is the tens digit of i*11*3/(-6)?
2
Let n = -13831 - -21059. What is the units digit of n?
8
Let c = 60 - 80. Let j be -8*(-3)/((-48)/c). What is the tens digit of 126 - -10*5/j?
3
Suppose -2*i - 5*w + 39 = 0, -5*i - 15 = -5*w - 165. Suppose t - 28 + i = 0. What is the units digit of t/6*2*249?
3
Suppose -2*i + 6253 + 9987 = 0. Suppose -3144 = -32*f + i. What is the units digit of f?
2
Let z(a) = 16*a + 25. Let h be z(16). Suppose h*i - 4509 = 272*i. What is the hundreds digit of i?
5
Let a be 13/5 + 12/(-20). Let j(t) = 31*t + 6. Let b be j(3). Suppose i - 2*k - b = 0, a*i + i - 295 = 5*k. What is the tens digit of i?
9
L